 c be i(-5). Suppose k + 0*k + 20 = c*s, s = -k. What is the remainder when s is divided by r(0)?
2
Let i be (-1)/((-6)/9)*-4. Let g = i + 7. What is the remainder when 3 is divided by g?
0
Let g = 50 - 39. Calculate the remainder when 21 is divided by g.
10
Let t = 5 + 10. Calculate the remainder when t is divided by 4.
3
Let s = 22 + -4. Suppose 2 = -2*u + s. What is the remainder when 29 is divided by u?
5
Let u(i) = 5*i**2 + i - 3. What is the remainder when 29 is divided by u(-2)?
14
Let d be 1/(-2)*(-170)/(-5). What is the remainder when 67 is divided by d*(-1)/(-2 + 3)?
16
Let f = -4 + 5. Let r be f/4 + 34/(-8). Calculate the remainder when (-1)/r + 762/24 is divided by 11.
10
Let k(i) = 0 - i - 2*i**2 - 1 + 1 - 27*i**3. Calculate the remainder when k(-1) is divided by 14.
12
Suppose 67 = 7*c - 52. Calculate the remainder when c is divided by 9.
8
Suppose -5*j + 6*j - 3 = 0. Suppose c = 3*i + i + 39, -j*c - i + 130 = 0. What is the remainder when c is divided by 15?
13
Suppose 0*y + 2*y - 18 = 0. Let h be ((-15)/9 - -1)*9. Calculate the remainder when (-39)/(-4)*(-16)/h is divided by y.
8
Suppose 2*p + 4*a = a - 3, 2*p - a = 9. Suppose -p*y + 2*y + 44 = 0. What is the remainder when y is divided by 15?
14
Suppose 3*n + 0*n = -39. Let v = 1 - n. Let c = 8 + v. What is the remainder when 43 is divided by c?
21
What is the remainder when 49 is divided by (21/(-9))/(-2 - (-11)/6)?
7
Let l = 17 + -16. Calculate the remainder when 1 is divided by l.
0
Suppose 17*o - 52 = 13*o. Calculate the remainder when 50 is divided by o.
11
Suppose 0 = -5*c - 9 - 11, -21 = -5*d - c. Calculate the remainder when 18 is divided by d.
3
Let x(y) = -2*y**2 - 19*y - 2. What is the remainder when 65 is divided by x(-8)?
21
Suppose 3*h = 5*f - 19, -5*h + 17 = 2*f - 3. Let v be h/(-1)*6/(-4). What is the remainder when 33 is divided by 17 + 1 - v/3?
16
Calculate the remainder when 2/(-4) - (-31)/2 is divided by 6 - 2/(-2)*-1*-3.
6
Let q(z) = -z**3 - 4*z**2 - 3*z - 4. Let n be q(-4). Suppose 2*p - 18 = n. What is the remainder when 23 is divided by p?
10
Let k(u) = u**2 + 11*u + 4. Let w be k(-10). Let j(g) = -g**3 - 6*g**2 + g + 2. Let c be j(w). Calculate the remainder when (2/3)/(c/(-222)) is divided by 13.
11
Suppose j = 6*j - 45. Calculate the remainder when ((-55)/(-7) + -1)*63/18 is divided by j.
6
Suppose 0 = -3*v + 3*w - 4*w + 2, 4*w + 10 = -3*v. Suppose 0 = 2*k + g - 9, -2*g = 3*k - 11 - 3. What is the remainder when k is divided by v?
0
Let l = -74 - -109. Calculate the remainder when l is divided by 13.
9
Suppose 2*b - 4*b = 0. Let k = -1 - b. Calculate the remainder when k*1 + (41 - 0) is divided by 21.
19
Let s = 9 + -9. Suppose s = -3*t - t + 120. Suppose -n + 3*w - 5 = -0*n, 2*n = -4*w + t. Calculate the remainder when 25 is divided by n.
4
Suppose 5*z - 14 - 50 = 3*g, -z - 5*g = 4. Suppose -6*w + z*w - 110 = 0. What is the remainder when w is divided by 12?
10
Suppose 4*r = 5*h + 881, 4*h + 0*h = -3*r + 622. Calculate the remainder when r is divided by 31.
28
Let v(f) = f**2 + 6*f + 4. Let c be v(-4). Let m(j) be the first derivative of -15*j**2/2 - 3*j - 4. What is the remainder when m(c) is divided by 15?
12
Suppose -4*o - 72 = -2*s, -49 - 55 = -3*s + 5*o. Calculate the remainder when s is divided by 17.
11
Suppose -8*w = 3*w - 1166. Calculate the remainder when w is divided by 12.
10
Suppose 10*d - 129 = 7*d. What is the remainder when 212 is divided by d?
40
Suppose 5*l + 3*u = 453, 2*u = 2*l + l - 268. Calculate the remainder when l is divided by 31.
28
Suppose 49*w - 45*w - 32 = 0. Let d = 64 + -42. What is the remainder when d is divided by w?
6
Let p(q) = -q**2 - 11*q - 4. Suppose 0 = -3*y - 2*y - 45. Calculate the remainder when 41 is divided by p(y).
13
Suppose 0*d + d = 86. Let g = -45 + d. What is the remainder when g is divided by 11?
8
Let x(i) = -49*i**3 + 2*i + 1. Let o be x(-1). Let r = o + -26. Calculate the remainder when r is divided by 8/14 + 880/77.
10
Let s(l) be the second derivative of l**4/12 + 27*l**2 + l. Calculate the remainder when s(0) is divided by 19.
16
Let k = 0 - -3. Suppose -2*z + 27 = k. Calculate the remainder when 22 is divided by z.
10
Suppose -8 = -3*b + b. Let i be -1*(b/(-2) + -1). What is the remainder when 25 is divided by (31 + 3)/2 - i?
11
Let a = -37 - -64. What is the remainder when 79 is divided by a?
25
Let q(n) = 3*n**2 + 5*n + 4. Let a = -32 - -41. What is the remainder when q(-4) is divided by a?
5
Let f = 31 + 6. What is the remainder when f is divided by 8?
5
Let p = 17 + -14. What is the remainder when p is divided by 2?
1
Let x = -18 + 21. Let s = x + 9. What is the remainder when 47 is divided by s?
11
Suppose -o = -0*o - 20. Let g be -3*6*o/(-18). Calculate the remainder when 1/(2/g)*2 is divided by 7.
6
Suppose -4*i + 3*v + 13 = 0, -5*i + 12 = -i - 4*v. Let p(l) = l + 20. Let s be p(-14). What is the remainder when 248/12*s/i is divided by 16?
15
Let v(n) = -2*n**3 + n**2. Let d(b) = -3*b - 3. Let w be d(-2). Suppose w + 1 = -4*y. Calculate the remainder when 7 is divided by v(y).
1
Suppose -d = -22 - 20. Suppose 195 = 4*w - g, -2*w + 122 = -4*g + d. Suppose -w = -5*v + 30. Calculate the remainder when 31 is divided by v.
15
Suppose 0 = -2*w + 3*a + 16, -5*w + 8*w = 4*a + 26. Calculate the remainder when 21 is divided by w.
7
Let j(k) = 2*k**2 - 15*k + 19. What is the remainder when 106 is divided by j(8)?
25
Let x(j) = j + 7. Let w be x(-4). Suppose 5*d = 2*l - 45, w*l + d = -l + 57. Suppose 4*q + 40 = 9*q. What is the remainder when l is divided by q?
7
Let k = -15 - 1. Let c = 51 + k. Calculate the remainder when c is divided by 9.
8
Suppose 5*q + 0*q - 171 = -3*g, -2*q - 202 = -4*g. Calculate the remainder when g is divided by 15.
7
Let s(z) = -z**2 - 35*z - 258. What is the remainder when s(-24) is divided by 8/(2*1) - 1?
0
Suppose 7*d = 5*d + 40. Let o = 12 - 5. Calculate the remainder when d is divided by o.
6
Let f be 804/21 + 12/(-42). Suppose 0*u - f = -u. Calculate the remainder when u is divided by 13.
12
Let m(a) = -a + 6. Let c be m(3). Suppose -3*d - u = -2*u - 53, 4*d = -c*u + 62. Calculate the remainder when 65 is divided by d.
14
Let n = -105 + 157. What is the remainder when n is divided by 18?
16
Let p(w) = w**3 - 3*w**2 + 2*w + 2. What is the remainder when p(2) is divided by 1?
0
Let s(r) = r**3 - 4*r**2 + 12. What is the remainder when s(5) is divided by 13?
11
Let r(d) = -10*d. Let h be r(1). Let w = h - -52. Let l = w + -28. Calculate the remainder when 41 is divided by l.
13
Suppose -2*p + 260 = -0*d + 4*d, -2*d = -3*p + 398. Suppose -p = -5*f + 4*l - 0*l, -4*l + 108 = 5*f. What is the remainder when 46 is divided by f?
22
What is the remainder when (-4 - 114/(-24))*248 is divided by 27?
24
Let q = -27 - -87. Calculate the remainder when q is divided by 7.
4
Let n(b) = -6*b - 2. Let y(x) = -x - 1. Let i(k) = -4*k - 9. Let a(j) = -i(j) + 3*y(j). What is the remainder when n(-7) is divided by a(8)?
12
Suppose -3*l + 7*l = 12. Suppose -t = l*p - 6, -2 = 2*p + 3*t + 1. Suppose -3*m + 4*m + 4*g = 4, 2*m - 15 = -g. What is the remainder when m is divided by p?
2
Suppose -4*w = 2*k - 34, -3*w - 2*k - 3*k + 8 = 0. Calculate the remainder when (-32)/(-5)*5/1 is divided by w.
10
Let v(n) = 9*n + 8. Calculate the remainder when v(10) is divided by 25.
23
Let j be -30*(16/(-6))/(-4). What is the remainder when 52 is divided by -2 + (1 + -1 - j)?
16
Suppose -4*u = 2*o - 168, 0*o + 3*o - 3*u - 243 = 0. Calculate the remainder when o is divided by 17.
14
Suppose 2*b + 0*b = 0. Suppose 0*p + 4*p = 84. What is the remainder when p is divided by 3 - -9 - (b + 1)?
10
Let a be 157/(3/9*3). Suppose i + 2 = 7, a = 3*z + 5*i. Let u = -32 - -47. Calculate the remainder when z is divided by u.
14
Suppose -5*z - 2*f + 375 = 0, -4*z + 165 + 135 = -5*f. Let m(k) = k**3 - 4*k**2 - k + 5. Calculate the remainder when m(5) is divided by (12/(-10))/((-10)/z).
7
Suppose -3*t = -59 - 79. Calculate the remainder when t is divided by 17.
12
Suppose 3*s + 21 = u + 6*s, 5*u - 3*s - 159 = 0. Suppose -w + 2*w = u. What is the remainder when w is divided by 8?
6
Suppose -52 - 88 = -5*x. Let f = -31 + 63. Suppose -f = -3*a - 2. Calculate the remainder when x is divided by a.
8
Let a(x) = x + 6. Let